= -x - 4. What is the tens digit of x?
6
Suppose 34*p - 247421 - 550780 = 357391. What is the thousands digit of p?
3
What is the tens digit of (-35970)/(-14) + (-7 - (-47)/7)?
6
Suppose -3*z = 0, 5*z + 64 = -3*j - j. What is the hundreds digit of j*(-26)/12*15/4?
1
Suppose 0*d - 3*d + 18 = 0. Let z = 26330 + -26332. What is the units digit of (-15 - z)/((-2 + d)/(-20))?
5
Let k = -14 - -25. Let f = -1404 + 1409. Suppose -f*r - 618 = -k*r. What is the hundreds digit of r?
1
Let c(d) = -13*d + d - 26119 + 26060 + 24*d**2. What is the tens digit of c(-6)?
7
Let v = -288 - -299. Suppose 0 = v*a - 7793 - 963. What is the tens digit of a?
9
Suppose -29*z - 16807 + 89278 = 0. Suppose 0 = -82*v + 75*v + z. What is the units digit of v?
7
Suppose 10*n = 1311 + 1189. Suppose -n = -3*m + 365. Let g = -118 + m. What is the units digit of g?
7
What is the tens digit of ((-20)/(-8))/(31/296794)?
3
Let j be -5 - (-14201)/(-2 - (-9)/3). Suppose 0 = 4*s - 32*s + j. What is the tens digit of s?
0
Suppose -i = 1, 11*a + 5*i - 25927 = 8*a. What is the hundreds digit of a?
6
Let y(b) be the first derivative of -6*b + 3/2*b**2 - 5 + 28/3*b**3. What is the units digit of y(2)?
2
Suppose i - 14 + 10 = -2*w, -4*i - 4 = 4*w. What is the tens digit of (-1)/i + 0 + 36332/24?
1
Suppose -9*a + 82446 = 285. What is the hundreds digit of a?
1
Suppose 7*c - 145954 - 32526 = -13*c. What is the units digit of c?
4
Let n(p) = 3*p**3 + 5*p**2 - 3*p + 6. What is the tens digit of n(5)?
9
Suppose 1942 = 5*p - 2013. Suppose -4*b + 2621 = -p. What is the units digit of b?
3
Suppose -6065 = 12*b - 17*b. Let g = 2347 - b. What is the hundreds digit of g?
1
Let m(h) = -h**3 + 13*h**2 + 2*h - 20. What is the tens digit of m(10)?
0
Let f be (((-112)/6)/(-8))/(4/(-12)). What is the tens digit of (f - 0)*(-93 + 0)?
5
Suppose 3*f = 6 + 42. Suppose -3*a - 7 = -f. Suppose -2*c + 36 = -a*z, -z - z = -8. What is the tens digit of c?
2
Let s(v) = v**3 - 5*v**2 - 87*v + 29. Let c be s(12). What is the hundreds digit of -6*((-4)/c + (-7956)/56)?
8
Suppose -v + 446 = 5*t - 992, 0 = 3*v - 3*t - 4278. Let l = 2735 - v. What is the units digit of l?
7
Suppose 5*f - 46 + 13 = 4*k, 3 = f + k. Suppose 270 = -f*w - 4*t, -w - 3*w - 3*t - 216 = 0. Let i = w + 109. What is the units digit of i?
5
Let q(o) = -127*o**3 + 2*o**2 + 6*o + 5. Let c(p) = p**2 + 5*p + 5. Let l be c(-2). What is the hundreds digit of q(l)?
1
What is the tens digit of (-1 - 12/(-18))/(1/(-11686 - -7))?
9
Let w = -13765 - -33907. What is the units digit of w?
2
What is the units digit of (-170337)/(-30) + 5/50?
8
Let t(p) = 81*p**3 + 20*p**2 - 61*p - 13. What is the hundreds digit of t(4)?
2
Suppose 0 = -64*p - 910423 + 1650515 + 1448196. What is the hundreds digit of p?
1
Let r = 5465 - 1882. What is the thousands digit of r?
3
Let w(t) = t + 372. Let q be w(-30). Let i = q - -1253. What is the hundreds digit of i?
5
Let q(i) = 23*i + 240. Suppose -5*s + o + 32 = 0, 5*s - 4*o + 20 - 43 = 0. What is the tens digit of q(s)?
0
Let t be 1 - 2 - (13 - 11). Let y be ((-171)/(-4) - -3)/(t/(-8)). Suppose 4*i + y = 302. What is the tens digit of i?
4
Let d(u) = -2*u**3 + 23*u**2 + 14*u - 1. Let k = -134 + 146. What is the units digit of d(k)?
3
Suppose 0 = 60*j - 237*j + 1226256. What is the units digit of j?
8
Suppose q + 3*m - 14854 + 3194 = 0, m - 1 = 0. What is the hundreds digit of q?
6
Suppose 0 = 5*f + 3*l - 59616 + 21583, -2*l + 22820 = 3*f. What is the thousands digit of f?
7
Suppose x - 64 = 4*z, 3*z - 2*z + 148 = 3*x. Let s = x + 23. What is the tens digit of s?
7
Let x(r) = 9*r. Let p be x(3). Suppose 0 = -73*z + p*z + 10304. What is the tens digit of z?
2
Let c(f) be the second derivative of 11*f**3/2 - 7*f**2 - 134*f. What is the units digit of c(26)?
4
What is the units digit of 3/2*(-15 + -4)*-38?
3
What is the tens digit of (-11 - (-1450)/4)/((-3)/(-132))?
6
Suppose 32*y - 4*y - 426440 = 0. What is the thousands digit of y?
5
Suppose 2*b - 178 = 2*n, 2*n + 2*n - 232 = -3*b. What is the tens digit of 80241/b + 1*1/(-4)?
5
Suppose -9*q + 12*q - 15 = 0. Let s = 8 - q. Suppose 8*m - 210 = 5*m + s*k, 4*k + 146 = 2*m. What is the tens digit of m?
6
Let u be 4 + (-2 - 3 - -5). Suppose 2*b + 1 = 5*w - 9, 0 = u*w - b - 5. Suppose w = -h - 14*h + 3630. What is the units digit of h?
2
Let u(f) = -2*f**2 + 36*f - 107. Let v be u(4). Let q = 61 - -391. What is the hundreds digit of q/8*(-4 + (v - -1))?
1
What is the hundreds digit of 94/(-564) + 194*(-4359)/(-36)?
4
Suppose -5*r + 12 = -3*j - 25, 0 = 2*r - 4*j - 26. Suppose -4*q + 2*q + 2096 = 4*i, -r*q = 0. What is the hundreds digit of i?
5
Suppose -2*u + 5*u = -5*h + 125, 94 = 3*h - 2*u. Let a = h - -681. What is the hundreds digit of a?
7
Suppose -2*f - 504 = -4*f. Let p = 339 + f. What is the tens digit of p?
9
Suppose 29316*u = 29329*u - 97292. What is the units digit of u?
4
Suppose -5*g = -5*l + 1995, -3*g - 1592 = -4*l - g. Suppose 3*r - 1670 + 499 = m, -r + l = m. What is the units digit of r?
2
What is the units digit of (3*24/(-32))/((-4)/65904) - 0?
1
Suppose 0 = -441*u - 4454643 + 27315201. What is the tens digit of u?
3
Suppose -21 = -p + 2*u, p + 3*u + 19 = 10. Let q(z) = -9*z**3 - z**2 - z. Let s be q(-1). What is the units digit of (6/s)/(3/p)?
2
Let p be (-11)/((-33)/126) + 11 + -9. What is the hundreds digit of (-110)/p*732/(-10)?
1
Let a(c) = 5*c**2 - 21*c - 11. Let w(v) = v**3 - 4*v**2 - 16*v + 77. Let b be w(4). What is the tens digit of a(b)?
6
Suppose -5*o - 1 + 91 = 0. Let h = 19 - o. What is the tens digit of -5 + 3 - -29*2/h?
5
Let f(u) = 8*u**3 - 10*u**2 - 32*u + 103. What is the thousands digit of f(11)?
9
Suppose 76 - 11 = 13*y. Suppose 0 = y*r + 3*q - 2380, -2*r - 16*q + 952 = -14*q. What is the tens digit of r?
7
What is the thousands digit of (-2679)/188*5672/(-6)?
3
Let i be (-78)/(-351) + (48/(-27))/(-1). Suppose -113 = -i*f + 99. What is the tens digit of f?
0
Let s = 1877 + 772. What is the tens digit of s?
4
Suppose 0 = 24*o - 42*o + 6*o + 206844. What is the ten thousands digit of o?
1
Suppose -7*q + 12*q = 1225. Suppose -q = v - 2*v. What is the units digit of v?
5
What is the hundreds digit of 6 - (805175/214)/((-2)/28)?
6
Let l(a) = 3*a + 7. Let v be l(2). Let y(r) = -r**2 + 17*r + 9. Let h be y(v). Let j = 66 - h. What is the units digit of j?
5
Let d(i) = 279*i - 413. What is the thousands digit of d(41)?
1
Suppose -2*a + 18 = 5*m, 5*a - 4*m + 9*m = 15. What is the tens digit of 577 - (6 + -4 + a)?
7
Let b(w) = 3*w + 6. Let j be b(-2). Suppose j*z + 1925 = 5*z. What is the units digit of z?
5
Let k(q) = -29*q - 30. Let h be k(6). Let l = h - -492. What is the units digit of l?
8
Suppose 17 = 7*n - 11. Suppose -l - 3*z = 67, 167 = -2*l - n*z + 31. What is the units digit of 40/l*35/(-2)?
0
Let f(w) = 13*w - 220. Let s be f(18). Suppose -50895 = s*a - 59*a. What is the thousands digit of a?
1
Let k(z) = -9*z**3 - z**2 - z - 2. Suppose b + 2*b = -3*j + 3, 3*j - 17 = 4*b. What is the units digit of k(b)?
8
Let l = 7 - 5. Let g(o) = -8*o**2 + 142*o - 52. Let v be g(16). What is the tens digit of l*v/8*1?
4
Let k(u) = u**2 + 21*u + 23. Let y be k(-20). Suppose y*g = -h + 1644, 3*h - 3*g - 4907 = -7*g. What is the tens digit of 2/8 - h/(-12)?
3
What is the hundreds digit of (5 - -2030) + (20 - 20)?
0
Let i(t) = t**2 - 14*t + 5. Suppose 2*r - 105 = 3*c - 2*r, -3*r = -3*c - 105. Let q be (-1)/2 - -1 - c/2. What is the tens digit of i(q)?
7
Suppose 3*a + 3*s - 40429 = 17747, -3*a + 2*s + 58191 = 0. What is the tens digit of a?
9
Suppose v - 2*d = 9267, -5*d = 41*v - 36*v - 46395. What is the units digit of v?
5
What is the ten thousands digit of 16/(-28) - ((-19425)/(-49))/((-1)/69)?
2
Suppose -o = 3*o - 728. Suppose -4*s + 0*s + h = -13, -3*s + 24 = 4*h. Suppose k - 62 = 2*j, k - s*k = -5*j - o. What is the units digit of k?
4
Let g be (24/9 + -2)*1*9. Suppose -3*w - 63 = -3*f - g*w, f = -4*w + 27. What is the tens digit of 30186/494 + (-2)/f?
6
Suppose -2*g = -430 - 1096. What is the units digit of g?
3
Let v(j) = -j**3 - 5*j**2 + j + 3. Let p be v(4). Suppose 0 = 14*u - 4405 + 1031. Let w = p + u. What is the hundreds digit of w?
1
Suppose 0 = h - 4*h - 9. Let c be (-12)/(-4) + (h - -2). Suppose 4*j + c*m - 562 = 0, 6*j - 704 = j - 4*m. What is th